i) = 5*i + 6. Let b be o(9). What is the greatest common factor of p and b?
17
Suppose 3*o + 4*v = 3*v + 148, 0 = -v - 2. Let d = 55 - 35. What is the highest common divisor of o and d?
10
Suppose 2*l + k - 6*k - 286 = 0, -121 = -l - 3*k. Calculate the highest common factor of l and 19.
19
Let f = 162 + -106. What is the greatest common factor of 8 and f?
8
Suppose 12 = 6*b - 3*b. Let t = b + 1. Suppose -j - t*w = -0*j - 9, j = 4*w + 36. Calculate the greatest common divisor of j and 12.
12
Suppose 3*y - 50 = -4*m, -3*y + 3*m = 2*m - 25. What is the greatest common divisor of 15 and y?
5
Let v = 15 - -36. Let a = 33 - 117. Let u = v - a. What is the greatest common divisor of 15 and u?
15
Suppose 3*b - b = -16. Let r be (-44)/b + 1/(-2). What is the highest common factor of 55 and r?
5
Let v(p) be the third derivative of -p**5/60 - 5*p**4/24 - 5*p**3/6 + 8*p**2. Let r be v(-3). What is the highest common factor of r and 11?
1
Let l = -106 + 156. Calculate the greatest common divisor of 20 and l.
10
Suppose -2*l + 10 = 3*l. Let w = l + 20. What is the greatest common divisor of w and 55?
11
Suppose -6*b + 647 = 53. What is the highest common factor of b and 9?
9
Let k(z) = -z**3 - 5*z**2 - 3*z + 7. Let h be k(-4). Let t be 1*(18 + h)*7. Calculate the highest common divisor of 21 and t.
21
Let v = 9 + -1. Let k be 14/(-4)*(6 + -96). Suppose v*m - 3*m = k. Calculate the greatest common factor of 9 and m.
9
Let g = 5 + -5. Suppose g*b - 77 = -b. Calculate the greatest common factor of 11 and b.
11
Let y be (2 - 3 - -1)/1. Suppose y = -3*j + 14 + 28. What is the highest common divisor of 112 and j?
14
Let j = -1 - -1. Suppose 6 = -j*l + l. Suppose 2*b - 34 = -w - 9, 0 = -3*w + 3. Calculate the greatest common divisor of b and l.
6
Let d(o) = 6*o**2 - 2*o. Let p be d(3). Let w be 136/22 + (-12)/66. What is the greatest common factor of w and p?
6
Suppose -2*m + 20 = 2*r - 7*m, -5*r = -3*m - 31. What is the greatest common divisor of 10 and r?
5
Suppose -5*j + 426 = y, -2*y - y + 5*j + 1338 = 0. Calculate the highest common divisor of 63 and y.
63
Let h be (-2)/8 + 222/(-8). Let a = -20 - h. What is the highest common divisor of 88 and a?
8
Let i = 32 + 20. What is the highest common divisor of 4 and i?
4
Let b = -61 - -67. Calculate the greatest common divisor of b and 21.
3
Let f = -6 - -11. Suppose -f*n + 12 + 188 = 0. Suppose g - 32 + 227 = 2*k, -g = 2*k - 205. What is the highest common divisor of k and n?
20
Let f(b) be the third derivative of b**5/20 + b**4/4 - b**2. Suppose -4*j - 20 = j. Let a be f(j). What is the highest common divisor of 12 and a?
12
Let s(o) = -o**3 + 2*o**2 + o. Let j be s(-3). Let f = 15 - 9. What is the greatest common divisor of j and f?
6
Suppose -i = -2*c + 21, -3*i - 6 = -3. What is the greatest common factor of c and 1?
1
Suppose 4 - 16 = 4*b. Let x be 1/(-3) + (-7)/b. Suppose -4*r + 2*v - 6 = 0, 0 = 6*r - r - 5*v + 20. Calculate the highest common factor of r and x.
1
Let t(c) = c**2 + 4*c - 6. Let y be t(-6). Let n = 11 - y. Calculate the highest common divisor of 1 and n.
1
Let s be (-2 - -1*4) + 3. Suppose 0 = -s*c + 523 + 217. Suppose g = 3*l - c, -4*l - 3*g = -l - 132. What is the highest common divisor of 32 and l?
16
Suppose -2*q + 5*r - r - 6 = 0, -2*r = q - 13. Let v = -2 - -8. Suppose v = q*b - 4. Calculate the greatest common divisor of b and 6.
2
Let u = -6 + 10. Suppose -5*y + 2 = s, -5*s + 0*y + 10 = y. Let k(q) = 5*q - 2. Let n be k(s). What is the highest common factor of n and u?
4
Let z(k) = k + 1. Let g be z(0). What is the highest common divisor of g and 3?
1
Let p be 2/8 - (-392)/(-32). Let c be (-15)/(-2)*(-40)/p. What is the highest common factor of c and 25?
25
Let g(m) = 26*m**2 + 2. Suppose 2 = -3*i + 17. Let s be g(i). Suppose -4*u = 5*w - s, -2*w = -3*w + 5*u + 142. Calculate the highest common divisor of w and 12.
12
Suppose -48 = -6*c + 2*c. Let h(f) = 3*f - 15. Let m be h(14). Let g be 60/9*m/6. What is the greatest common divisor of g and c?
6
Let m(c) = -c**3 - 12*c**2 - 4*c - 8. Let u be m(-12). Calculate the highest common factor of 16 and u.
8
Let j = 3 + 29. Suppose 0*g - 17 = -5*k - 2*g, 4*g = k - 21. Suppose w = -4*a + k + 6, -3*w = -3*a + 27. What is the greatest common factor of j and a?
4
Let f(k) be the third derivative of -k**5/60 + k**4/12 + k**3 - 3*k**2. Let c be f(5). Let x = c - -16. What is the greatest common factor of x and 28?
7
Let q(v) = 0 + 2 - 11 + 3*v - 6*v. Let j be q(-7). What is the greatest common divisor of j and 108?
12
Let z(h) = -15*h - 5. Let t(v) = v - 1. Let o be t(-6). Let x be z(o). What is the greatest common divisor of 10 and x?
10
Let m(f) be the second derivative of f**4/12 + f**3/6 - 3*f**2 + 2*f. Let j be m(9). Suppose -6*v + j = -3*v. Calculate the greatest common factor of v and 4.
4
Suppose -5*a + 4 = -6*a. Suppose 2 = -2*q - 2. Let u = q - a. Calculate the greatest common factor of u and 4.
2
Let f = -42 - -63. Let i(t) = t**3 + t**2 + t + 3. Let n be i(3). What is the greatest common divisor of f and n?
21
Let z(b) = -b**2 + 2*b + 27. Let o be z(0). What is the highest common divisor of o and 1?
1
Let m(d) = -4*d**2 + 10*d - 15. Let s(b) = 3*b**2 - 11*b + 15. Let c(a) = -2*m(a) - 3*s(a). Let x be c(11). Calculate the highest common divisor of x and 49.
7
Let j(i) = -2*i. Let v be j(5). Let n = v + 24. Let d = n - 5. Calculate the highest common factor of d and 9.
9
Suppose -4*l - 8 = -2*a + 88, -5*l = 2*a - 69. What is the greatest common divisor of 28 and a?
14
Suppose -3*t + 119 + 7 = 0. Suppose 0 = -4*u + 3*i + 99 + t, -2*u = -2*i - 70. What is the highest common divisor of u and 18?
18
Let s be -2*1/2 - 2. Let o be 42*s*(-3)/9. Calculate the greatest common factor of 14 and o.
14
Let m = 2 + -2. Suppose -5*a + m*a + 75 = 0. Let o be ((-9)/(-6))/((-1)/(-4)). Calculate the highest common divisor of a and o.
3
Suppose 0 = 48*a - 42*a - 1302. What is the greatest common divisor of 31 and a?
31
Suppose -5*j + 7*t = 2*t - 445, -4*t + 400 = 5*j. Suppose -2*c + 12 = -j. Calculate the greatest common divisor of 6 and c.
6
Let o be ((-3)/(-4))/(4/16). Suppose a - o = -0. Let z be 0 - (-65)/(a - 2). What is the highest common divisor of z and 13?
13
Let f(o) = -28*o - 8. Let l be f(-4). Calculate the highest common factor of 13 and l.
13
Suppose -x = -0*x. Suppose -2*r + 31 = 3*v - x*r, -3*v + 2*r = -47. Let t = 32 + 59. Calculate the greatest common divisor of t and v.
13
Let h(s) = 13*s**3 - 2*s + 1. Let y be 4/26 + (-11)/(-13). Let l be h(y). What is the highest common divisor of 8 and l?
4
Let q be 244/6 - (7/(-3) - -2). What is the greatest common factor of q and 369?
41
Suppose 108 = q - 134. Calculate the highest common factor of q and 22.
22
Let i(d) = -d**2 + 12*d + 5. Let z be i(11). Let s = -293 + 421. Calculate the highest common factor of z and s.
16
Suppose -15*u - 180 = -19*u. Calculate the highest common divisor of 5 and u.
5
Let o be 1/2 + 56/16. Suppose z + z - o = 0. Calculate the highest common factor of 8 and z.
2
Let y = 20 - -108. Suppose 4*l - q - 47 - 18 = 0, 2*q = -2*l + 30. Calculate the highest common divisor of y and l.
16
Let k = -144 - -380. Let m = 227 - 331. Let x = k + m. What is the highest common divisor of x and 12?
12
Let t(b) = 3*b**2 - b + 1. Let u be t(1). Let k be -1*(-60)/9*u. Calculate the greatest common divisor of k and 8.
4
Let f be 49/3 + (-3)/9. Let g(a) = 5*a**2 + 2*a + 5. Let p be g(-4). Suppose p = -6*j + 557. What is the greatest common divisor of j and f?
16
Suppose -5*i + 192 = 4*p, 2*p + 4*i - 96 = -0*p. Calculate the highest common divisor of p and 4.
4
Let b(u) = -u + 7. Let x = -6 + 9. Let m be b(x). Suppose 5*t - 19 = 11. Calculate the highest common divisor of m and t.
2
Suppose 0 = -4*s - y + 349, -5*s - y + 455 = -6*y. Calculate the highest common factor of 110 and s.
22
Suppose -2*d = 4 + 4, -d - 24 = -y. What is the greatest common divisor of y and 160?
20
Suppose 0 = 2*i, 2*i + 3 + 0 = -r. Let b(h) = -11*h**3 - 5*h**2 - 3*h + 3. Let z be b(r). Suppose 3*s = 33 + z. Calculate the highest common divisor of s and 9.
9
Let i(w) = -56*w. Let m be i(-1). Let s = 30 + -51. Let d = -14 - s. What is the highest common divisor of d and m?
7
Let z be ((-10)/4*2)/1. Let x = z - -8.